{"id":1185,"date":"2024-05-18T16:57:59","date_gmt":"2024-05-18T14:57:59","guid":{"rendered":"https:\/\/www.eurart.eu\/soutiens-aux-collectifs-2021-2023-resonances\/"},"modified":"2026-06-03T15:00:44","modified_gmt":"2026-06-03T13:00:44","slug":"soutiens-aux-collectifs-2021-2023-resonances","status":"publish","type":"page","link":"https:\/\/www.eurart.eu\/en\/soutiens-aux-collectifs-2021-2023-resonances\/","title":{"rendered":"Support for collectives"},"content":{"rendered":"<div class=\"wpb-content-wrapper\"><p>[vc_row][vc_column][vc_empty_space height=&#8221;50px&#8221;][\/vc_column][\/vc_row][vc_row gap=&#8221;20&#8243; css=&#8221;.vc_custom_1716132221462{margin-right: 20px !important;margin-left: 20px !important;}&#8221;][vc_column width=&#8221;2\/3&#8243;][vc_column_text css=&#8221;&#8221;]Eur\u2019Art supports artist collectives (visual arts and contemporary music) that work on European creation and collaboration projects.<\/p>\n<h2>2021\u20132023<\/h2>\n<h3>R\u00e9s(O)nances<\/h3>\n<p>The Franco-Czech collective R\u00e9s(O)nances, composed of visual artists and musicians, presents creations centered on ephemeral art and the voice, where music resonates with visual expression.<br \/>\nStarting in autumn 2021 and throughout 2022, the collective carried out\u2014 in partnership with the Terez\u00edn Memorial and other institutions\u2014an artistic project on the theme \u201cResistance and Creation,\u201d featuring installations and concerts in France and the Czech Republic.<br \/>\nIn 2023, it took part in the exhibition \u2018Seas and Oceans\u2019 at the TALK CEC gallery in Brussels, at MAC Paris and at ART Prague.<br \/>\nThe Arno\u0161t Lustig Foundation selected him to create its international exhibition I want to be human, which was presented in Brussels (2022), Prague and Brno (2023)\u2026 and will be shown in Ostrava (2024), followed by Paris, Geneva, Berlin and Tel Aviv.[\/vc_column_text][\/vc_column][vc_column width=&#8221;1\/3&#8243;][vc_single_image image=&#8221;1186&#8243; img_size=&#8221;full&#8221; onclick=&#8221;link_image&#8221; css=&#8221;&#8221;][vc_single_image image=&#8221;1187&#8243; img_size=&#8221;full&#8221; onclick=&#8221;link_image&#8221; css=&#8221;&#8221;][\/vc_column][\/vc_row][vc_row][vc_column][vc_empty_space height=&#8221;90px&#8221;][\/vc_column][\/vc_row]<\/p>\n<\/div>","protected":false},"excerpt":{"rendered":"<p>Eur\u2019Art supports artist collectives (visual arts and contemporary music) that work on European creation and collaboration projects. 2021\u20132023 R\u00e9s(O)nances The Franco-Czech collective R\u00e9s(O)nances, composed of visual artists and musicians, presents creations centered on ephemeral art and the voice, where music resonates with visual expression. Starting in autumn 2021 and throughout 2022, the collective carried out\u2014 in partnership with the Terez\u00edn Memorial and other institutions\u2014an artistic project on the theme \u201cResistance and Creation,\u201d featuring installations and concerts in France and the Czech Republic. In 2023, it took part in the exhibition \u2018Seas <\/p>\n","protected":false},"author":2,"featured_media":0,"parent":0,"menu_order":0,"comment_status":"closed","ping_status":"closed","template":"","meta":{"footnotes":""},"class_list":["post-1185","page","type-page","status-publish","hentry"],"yoast_head":"<!-- This site is optimized with the Yoast SEO plugin v27.5 - https:\/\/yoast.com\/product\/yoast-seo-wordpress\/ -->\n<title>Support for collectives - EUR\u2019ART<\/title>\n<meta name=\"description\" content=\"Ce collectif franco-tch\u00e8que est compos\u00e9 de plasticiens et musiciens. Il pr\u00e9sente des cr\u00e9ations o\u00f9 musique r\u00e9sonne avec expression plastique.\" \/>\n<meta name=\"robots\" content=\"index, follow, max-snippet:-1, max-image-preview:large, max-video-preview:-1\" \/>\n<link rel=\"canonical\" href=\"https:\/\/www.eurart.eu\/en\/soutiens-aux-collectifs-2021-2023-resonances\/\" \/>\n<meta property=\"og:locale\" content=\"en_US\" \/>\n<meta property=\"og:type\" content=\"article\" \/>\n<meta property=\"og:title\" content=\"Support for collectives - EUR\u2019ART\" \/>\n<meta property=\"og:description\" content=\"Ce collectif franco-tch\u00e8que est compos\u00e9 de plasticiens et musiciens. Il pr\u00e9sente des cr\u00e9ations o\u00f9 musique r\u00e9sonne avec expression plastique.\" \/>\n<meta property=\"og:url\" content=\"https:\/\/www.eurart.eu\/en\/soutiens-aux-collectifs-2021-2023-resonances\/\" \/>\n<meta property=\"og:site_name\" content=\"EUR\u2019ART\" \/>\n<meta property=\"article:modified_time\" content=\"2026-06-03T13:00:44+00:00\" \/>\n<meta name=\"twitter:card\" content=\"summary_large_image\" \/>\n<meta name=\"twitter:label1\" content=\"Est. reading time\" \/>\n\t<meta name=\"twitter:data1\" content=\"1 minute\" \/>\n<script type=\"application\/ld+json\" class=\"yoast-schema-graph\">{\"@context\":\"https:\\\/\\\/schema.org\",\"@graph\":[{\"@type\":\"WebPage\",\"@id\":\"https:\\\/\\\/www.eurart.eu\\\/en\\\/soutiens-aux-collectifs-2021-2023-resonances\\\/\",\"url\":\"https:\\\/\\\/www.eurart.eu\\\/en\\\/soutiens-aux-collectifs-2021-2023-resonances\\\/\",\"name\":\"Support for collectives - EUR\u2019ART\",\"isPartOf\":{\"@id\":\"https:\\\/\\\/www.eurart.eu\\\/en\\\/#website\"},\"datePublished\":\"2024-05-18T14:57:59+00:00\",\"dateModified\":\"2026-06-03T13:00:44+00:00\",\"description\":\"Ce collectif franco-tch\u00e8que est compos\u00e9 de plasticiens et musiciens. Il pr\u00e9sente des cr\u00e9ations o\u00f9 musique r\u00e9sonne avec expression plastique.\",\"breadcrumb\":{\"@id\":\"https:\\\/\\\/www.eurart.eu\\\/en\\\/soutiens-aux-collectifs-2021-2023-resonances\\\/#breadcrumb\"},\"inLanguage\":\"en-US\",\"potentialAction\":[{\"@type\":\"ReadAction\",\"target\":[\"https:\\\/\\\/www.eurart.eu\\\/en\\\/soutiens-aux-collectifs-2021-2023-resonances\\\/\"]}]},{\"@type\":\"BreadcrumbList\",\"@id\":\"https:\\\/\\\/www.eurart.eu\\\/en\\\/soutiens-aux-collectifs-2021-2023-resonances\\\/#breadcrumb\",\"itemListElement\":[{\"@type\":\"ListItem\",\"position\":1,\"name\":\"Home\",\"item\":\"https:\\\/\\\/www.eurart.eu\\\/en\\\/\"},{\"@type\":\"ListItem\",\"position\":2,\"name\":\"Support for collectives\"}]},{\"@type\":\"WebSite\",\"@id\":\"https:\\\/\\\/www.eurart.eu\\\/en\\\/#website\",\"url\":\"https:\\\/\\\/www.eurart.eu\\\/en\\\/\",\"name\":\"EUR\u2019ART\",\"description\":\"Fonds de dotation pour la cr\u00e9ation europ\u00e9enne\",\"potentialAction\":[{\"@type\":\"SearchAction\",\"target\":{\"@type\":\"EntryPoint\",\"urlTemplate\":\"https:\\\/\\\/www.eurart.eu\\\/en\\\/?s={search_term_string}\"},\"query-input\":{\"@type\":\"PropertyValueSpecification\",\"valueRequired\":true,\"valueName\":\"search_term_string\"}}],\"inLanguage\":\"en-US\"}]}<\/script>\n<!-- \/ Yoast SEO plugin. -->","yoast_head_json":{"title":"Support for collectives - EUR\u2019ART","description":"Ce collectif franco-tch\u00e8que est compos\u00e9 de plasticiens et musiciens. Il pr\u00e9sente des cr\u00e9ations o\u00f9 musique r\u00e9sonne avec expression plastique.","robots":{"index":"index","follow":"follow","max-snippet":"max-snippet:-1","max-image-preview":"max-image-preview:large","max-video-preview":"max-video-preview:-1"},"canonical":"https:\/\/www.eurart.eu\/en\/soutiens-aux-collectifs-2021-2023-resonances\/","og_locale":"en_US","og_type":"article","og_title":"Support for collectives - EUR\u2019ART","og_description":"Ce collectif franco-tch\u00e8que est compos\u00e9 de plasticiens et musiciens. Il pr\u00e9sente des cr\u00e9ations o\u00f9 musique r\u00e9sonne avec expression plastique.","og_url":"https:\/\/www.eurart.eu\/en\/soutiens-aux-collectifs-2021-2023-resonances\/","og_site_name":"EUR\u2019ART","article_modified_time":"2026-06-03T13:00:44+00:00","twitter_card":"summary_large_image","twitter_misc":{"Est. reading time":"1 minute"},"schema":{"@context":"https:\/\/schema.org","@graph":[{"@type":"WebPage","@id":"https:\/\/www.eurart.eu\/en\/soutiens-aux-collectifs-2021-2023-resonances\/","url":"https:\/\/www.eurart.eu\/en\/soutiens-aux-collectifs-2021-2023-resonances\/","name":"Support for collectives - EUR\u2019ART","isPartOf":{"@id":"https:\/\/www.eurart.eu\/en\/#website"},"datePublished":"2024-05-18T14:57:59+00:00","dateModified":"2026-06-03T13:00:44+00:00","description":"Ce collectif franco-tch\u00e8que est compos\u00e9 de plasticiens et musiciens. Il pr\u00e9sente des cr\u00e9ations o\u00f9 musique r\u00e9sonne avec expression plastique.","breadcrumb":{"@id":"https:\/\/www.eurart.eu\/en\/soutiens-aux-collectifs-2021-2023-resonances\/#breadcrumb"},"inLanguage":"en-US","potentialAction":[{"@type":"ReadAction","target":["https:\/\/www.eurart.eu\/en\/soutiens-aux-collectifs-2021-2023-resonances\/"]}]},{"@type":"BreadcrumbList","@id":"https:\/\/www.eurart.eu\/en\/soutiens-aux-collectifs-2021-2023-resonances\/#breadcrumb","itemListElement":[{"@type":"ListItem","position":1,"name":"Home","item":"https:\/\/www.eurart.eu\/en\/"},{"@type":"ListItem","position":2,"name":"Support for collectives"}]},{"@type":"WebSite","@id":"https:\/\/www.eurart.eu\/en\/#website","url":"https:\/\/www.eurart.eu\/en\/","name":"EUR\u2019ART","description":"Fonds de dotation pour la cr\u00e9ation europ\u00e9enne","potentialAction":[{"@type":"SearchAction","target":{"@type":"EntryPoint","urlTemplate":"https:\/\/www.eurart.eu\/en\/?s={search_term_string}"},"query-input":{"@type":"PropertyValueSpecification","valueRequired":true,"valueName":"search_term_string"}}],"inLanguage":"en-US"}]}},"_links":{"self":[{"href":"https:\/\/www.eurart.eu\/en\/wp-json\/wp\/v2\/pages\/1185","targetHints":{"allow":["GET"]}}],"collection":[{"href":"https:\/\/www.eurart.eu\/en\/wp-json\/wp\/v2\/pages"}],"about":[{"href":"https:\/\/www.eurart.eu\/en\/wp-json\/wp\/v2\/types\/page"}],"author":[{"embeddable":true,"href":"https:\/\/www.eurart.eu\/en\/wp-json\/wp\/v2\/users\/2"}],"replies":[{"embeddable":true,"href":"https:\/\/www.eurart.eu\/en\/wp-json\/wp\/v2\/comments?post=1185"}],"version-history":[{"count":5,"href":"https:\/\/www.eurart.eu\/en\/wp-json\/wp\/v2\/pages\/1185\/revisions"}],"predecessor-version":[{"id":1338,"href":"https:\/\/www.eurart.eu\/en\/wp-json\/wp\/v2\/pages\/1185\/revisions\/1338"}],"wp:attachment":[{"href":"https:\/\/www.eurart.eu\/en\/wp-json\/wp\/v2\/media?parent=1185"}],"curies":[{"name":"wp","href":"https:\/\/api.w.org\/{rel}","templated":true}]}}

<div class="wpb-content-wrapper"><p>[vc_row][vc_column][vc_empty_space height=&#8221;50px&#8221;][/vc_column][/vc_row][vc_row gap=&#8221;20&#8243; css=&#8221;.vc_custom_1716132221462{margin-right: 20px !important;margin-left: 20px !important;}&#8221;][vc_column width=&#8221;2/3&#8243;][vc_column_text css=&#8221;&#8221;]Eur’Art supports artist collectives (visual arts and contemporary music) that work on European creation and collaboration projects.</p>
<h2>2021–2023</h2>
<h3>Rés(O)nances</h3>
<p>The Franco-Czech collective Rés(O)nances, composed of visual artists and musicians, presents creations centered on ephemeral art and the voice, where music resonates with visual expression.<br />
Starting in autumn 2021 and throughout 2022, the collective carried out— in partnership with the Terezín Memorial and other institutions—an artistic project on the theme “Resistance and Creation,” featuring installations and concerts in France and the Czech Republic.<br />
In 2023, it took part in the exhibition ‘Seas and Oceans’ at the TALK CEC gallery in Brussels, at MAC Paris and at ART Prague.<br />
The Arnošt Lustig Foundation selected him to create its international exhibition I want to be human, which was presented in Brussels (2022), Prague and Brno (2023)… and will be shown in Ostrava (2024), followed by Paris, Geneva, Berlin and Tel Aviv.[/vc_column_text][/vc_column][vc_column width=&#8221;1/3&#8243;][vc_single_image image=&#8221;1186&#8243; img_size=&#8221;full&#8221; onclick=&#8221;link_image&#8221; css=&#8221;&#8221;][vc_single_image image=&#8221;1187&#8243; img_size=&#8221;full&#8221; onclick=&#8221;link_image&#8221; css=&#8221;&#8221;][/vc_column][/vc_row][vc_row][vc_column][vc_empty_space height=&#8221;90px&#8221;][/vc_column][/vc_row]</p>
</div>

<p>Eur’Art supports artist collectives (visual arts and contemporary music) that work on European creation and collaboration projects. 2021–2023 Rés(O)nances The Franco-Czech collective Rés(O)nances, composed of visual artists and musicians, presents creations centered on ephemeral art and the voice, where music resonates with visual expression. Starting in autumn 2021 and throughout 2022, the collective carried out— in partnership with the Terezín Memorial and other institutions—an artistic project on the theme “Resistance and Creation,” featuring installations and concerts in France and the Czech Republic. In 2023, it took part in the exhibition ‘Seas </p>

<!-- This site is optimized with the Yoast SEO plugin v27.5 - https://yoast.com/product/yoast-seo-wordpress/ -->
<title>Support for collectives - EUR’ART</title>
<meta name="description" content="Ce collectif franco-tchèque est composé de plasticiens et musiciens. Il présente des créations où musique résonne avec expression plastique." />
<meta name="robots" content="index, follow, max-snippet:-1, max-image-preview:large, max-video-preview:-1" />
<link rel="canonical" href="https://www.eurart.eu/en/soutiens-aux-collectifs-2021-2023-resonances/" />
<meta property="og:locale" content="en_US" />
<meta property="og:type" content="article" />
<meta property="og:title" content="Support for collectives - EUR’ART" />
<meta property="og:description" content="Ce collectif franco-tchèque est composé de plasticiens et musiciens. Il présente des créations où musique résonne avec expression plastique." />
<meta property="og:url" content="https://www.eurart.eu/en/soutiens-aux-collectifs-2021-2023-resonances/" />
<meta property="og:site_name" content="EUR’ART" />
<meta property="article:modified_time" content="2026-06-03T13:00:44+00:00" />
<meta name="twitter:card" content="summary_large_image" />
<meta name="twitter:label1" content="Est. reading time" />
	<meta name="twitter:data1" content="1 minute" />
<script type="application/ld+json" class="yoast-schema-graph">{"@context":"https:\/\/schema.org","@graph":[{"@type":"WebPage","@id":"https:\/\/www.eurart.eu\/en\/soutiens-aux-collectifs-2021-2023-resonances\/","url":"https:\/\/www.eurart.eu\/en\/soutiens-aux-collectifs-2021-2023-resonances\/","name":"Support for collectives - EUR’ART","isPartOf":{"@id":"https:\/\/www.eurart.eu\/en\/#website"},"datePublished":"2024-05-18T14:57:59+00:00","dateModified":"2026-06-03T13:00:44+00:00","description":"Ce collectif franco-tchèque est composé de plasticiens et musiciens. Il présente des créations où musique résonne avec expression plastique.","breadcrumb":{"@id":"https:\/\/www.eurart.eu\/en\/soutiens-aux-collectifs-2021-2023-resonances\/#breadcrumb"},"inLanguage":"en-US","potentialAction":[{"@type":"ReadAction","target":["https:\/\/www.eurart.eu\/en\/soutiens-aux-collectifs-2021-2023-resonances\/"]}]},{"@type":"BreadcrumbList","@id":"https:\/\/www.eurart.eu\/en\/soutiens-aux-collectifs-2021-2023-resonances\/#breadcrumb","itemListElement":[{"@type":"ListItem","position":1,"name":"Home","item":"https:\/\/www.eurart.eu\/en\/"},{"@type":"ListItem","position":2,"name":"Support for collectives"}]},{"@type":"WebSite","@id":"https:\/\/www.eurart.eu\/en\/#website","url":"https:\/\/www.eurart.eu\/en\/","name":"EUR’ART","description":"Fonds de dotation pour la création européenne","potentialAction":[{"@type":"SearchAction","target":{"@type":"EntryPoint","urlTemplate":"https:\/\/www.eurart.eu\/en\/?s={search_term_string}"},"query-input":{"@type":"PropertyValueSpecification","valueRequired":true,"valueName":"search_term_string"}}],"inLanguage":"en-US"}]}</script>
<!-- / Yoast SEO plugin. -->

Ce collectif franco-tchèque est composé de plasticiens et musiciens. Il présente des créations où musique résonne avec expression plastique.

Fonds de dotation pour la création européenne
